)?
-502
Let k(y) = 57*y - 3081. Determine k(54).
-3
Let n(a) = 2*a**3 - 38*a**2 + 63*a + 81. Give n(17).
-4
Let j(h) = -8*h**2 - 17*h - 27. Calculate j(-2).
-25
Let l(t) = -t**3 - 2*t**2 + 11*t + 39. What is l(-5)?
59
Let t(m) = -336*m - 1338. Determine t(-4).
6
Let y(i) = i**2 - i - 10. Calculate y(0).
-10
Let t(i) = 2*i - 14. What is t(8)?
2
Let j(s) = -7*s**3 - 219*s**2 - 38*s + 710. Determine j(-31).
-34
Let i(k) = -17*k - 691. Determine i(22).
-1065
Let i(j) = -5*j**3 + 87*j**2 - 159*j - 2. Give i(2).
-12
Let h(c) = -c**3 - 35*c**2 - 96*c - 6. Determine h(-32).
-6
Let b(t) = -921*t - 3682. Calculate b(-4).
2
Let f(d) = -3*d**3 - 75*d**2 + 3*d - 15. Give f(-25).
-90
Let r(l) = 8*l - 110. What is r(10)?
-30
Let m(f) = -f**3 - 29*f**2 - 12*f + 50. Calculate m(-29).
398
Let c(h) = -h**3 + 37*h**2 - 284*h - 14. Determine c(11).
8
Let r(o) = -6*o**3 - 40*o**2 + 14*o + 99. Calculate r(-6).
-129
Let l(u) = u**3 + u**2 - 43*u + 51. Determine l(5).
-14
Let w(m) = -m**3 + m**2 - m + 70. Calculate w(0).
70
Let v(b) = -83*b**2 + 2*b. Calculate v(-1).
-85
Let s(h) = -19*h - 554. Give s(-25).
-79
Let u(f) = 189*f**2 + 6*f - 22. What is u(1)?
173
Let n(h) = h**2 - 83*h + 1536. Calculate n(28).
-4
Let x(r) = 18*r**2 - 38*r - 429. What is x(6)?
-9
Let m(h) = -h**3 - 11*h**2 - 13*h + 68. Give m(-4).
8
Let k(q) = 19*q**2 - 223*q - 73. Give k(12).
-13
Let b(t) = 403*t**2 + 1211*t + 4. Determine b(-3).
-2
Let l(b) = -b**3 + 20*b**2 + 35*b + 9. Determine l(22).
-189
Let g(d) = d**2 - d - 68. What is g(8)?
-12
Let f(h) = 268*h - 635. Calculate f(3).
169
Let w(j) = j**2 - 25*j - 35. Determine w(21).
-119
Let i(z) = 16*z**2 - 14*z + 15. Give i(1).
17
Let p(k) = -4*k**2 - 62*k - 225. Give p(-6).
3
Let v(h) = -2*h**3 - h**2 + 24*h + 25. What is v(4)?
-23
Let b(h) = 9*h + 56. What is b(32)?
344
Let q(w) = -367*w - 5896. Give q(-16).
-24
Let o(i) = -i**2 + 131*i - 23. Calculate o(128).
361
Let m(v) = 359*v + 2881. Determine m(-8).
9
Let n(d) = -d**3 - 3*d**2 + 12*d + 19. What is n(-2)?
-9
Let m(r) = 46*r**2 + 3680*r - 4. Determine m(-80).
-4
Let j(f) = 4*f**3 + 37*f**2 - 53*f + 14. Give j(1).
2
Let s(r) = -168*r**2 + 3*r + 1. What is s(-1)?
-170
Let o(t) = 2*t**2 - 46*t + 241. Give o(9).
-11
Let m(y) = -33*y**2 - y + 6. Calculate m(-2).
-124
Let a(d) = d**3 + 23*d**2 - 6*d - 489. Calculate a(-23).
-351
Let a(y) = y**3 + 28*y**2 + 2*y + 42. Give a(-28).
-14
Let o(p) = p**3 + 2*p**2 - p - 2. Give o(-4).
-30
Let j(i) = -16*i**3 - 275*i**2 - 25*i - 24. What is j(-17)?
-466
Let y(c) = -530*c + 5301. Calculate y(10).
1
Let d(w) = 316*w + 3480. Determine d(-11).
4
Let o(w) = 103*w + 3502. Determine o(-34).
0
Let x(g) = g**3 + 16*g**2 + 19*g - 50. What is x(-15)?
-110
Let g(a) = 80*a + 15. Calculate g(0).
15
Let q(p) = 3*p**3 + 385*p**2 - 259*p - 122. Calculate q(-129).
7
Let d(t) = -t**2 + 17*t + 90. Calculate d(-5).
-20
Let d(h) = h**3 + 21*h**2 + 20*h + 1. Determine d(-20).
1
Let h(x) = 744*x + 14148. Give h(-19).
12
Let o(s) = -s**3 - 24*s**2 - 17*s - 221. Give o(-24).
187
Let b(k) = k**3 + 9*k**2 + 51*k + 163. Calculate b(-5).
8
Let v(x) = -935*x - 526409. Calculate v(-563).
-4
Let i(v) = v**3 - 23*v**2 - v + 31. What is i(5)?
-424
Let o(w) = -w**3 + 66*w**2 + 35*w + 2417. What is o(67)?
273
Let v(t) = t**2 + 431*t + 7047. Calculate v(-17).
9
Let j(x) = 131*x - 7980. Calculate j(61).
11
Let j(m) = -10*m**2 - 52*m + 365. What is j(7)?
-489
Let s(d) = -4*d**2 - 25*d + 3. Calculate s(-4).
39
Let t(o) = 2*o**2 + 10*o - 35. Determine t(-8).
13
Let m(d) = -d**2 + 340*d - 15233. What is m(287)?
-22
Let w(d) = d**3 - 27*d**2 + 33*d + 76. What is w(25)?
-349
Let m(v) = 1153*v + 3425. Determine m(-3).
-34
Let h(p) = -2*p**2 + 46*p + 105. Calculate h(29).
-243
Let z(d) = -4*d + 28. Give z(1).
24
Let g(f) = -631*f + 741. Calculate g(1).
110
Let f(o) = 6*o**2 - 115*o + 99. Determine f(1).
-10
Let r(f) = 848*f - 2730. What is r(3)?
-186
Let f(m) = -2*m**3 - 73*m**2 - 38*m - 99. What is f(-36)?
-27
Let f(y) = -y**3 - 49*y**2 + 54*y + 2639. Determine f(-49).
-7
Let y(v) = v**3 - 6*v**2 - 42*v + 90. Give y(2).
-10
Let d(k) = -k**3 + 65*k**2 - 61*k - 200. Determine d(64).
-8
Let j(a) = -16*a + 311. Determine j(16).
55
Let o(l) = 11*l + 349. Determine o(-49).
-190
Let g(k) = k**2 - 1117*k - 39103. Calculate g(-34).
31
Let i(g) = g**2 - 111*g - 340. Give i(-3).
2
Let d(q) = 4*q**2 + 2*q - 22. Calculate d(4).
50
Let l(p) = 2*p**3 - 103*p**2 + 294*p - 2. Determine l(3).
7
Let o(f) = 33*f + 595. Determine o(-15).
100
Let b(d) = d**3 - 12*d**2 + 7*d + 155. Give b(10).
25
Let i(x) = -x**3 + 2*x**2 - 10*x + 76. Determine i(4).
4
Let i(q) = q**3 - q**2 + 9*q - 21. Calculate i(-6).
-327
Let q(j) = j**3 - 5*j**2 - 78*j - 183. Determine q(-4).
-15
Let c(n) = 145*n + 1754. Calculate c(-10).
304
Let m(y) = 10*y**3 - 5*y**2 - 2*y + 18. What is m(2)?
74
Let x(y) = -11*y**2 - 228*y - 138. Give x(-20).
22
Let w(q) = -369*q + 2. Determine w(-2).
740
Let r(d) = -d**3 + 32*d**2 + 12*d + 1898. Give r(34).
-6
Let v(c) = -3*c**2 - 3*c - 7. Give v(6).
-133
Let q(p) = -11*p**3 + 16*p**2 - 50*p + 45. What is q(2)?
-79
Let u(d) = -d**3 + 7*d**2 + 11*d + 18. What is u(9)?
-45
Let a(c) = 36*c + 3942. Determine a(-110).
-18
Let g(q) = 16*q**2 - 468*q - 1393. What is g(-3)?
155
Let a(j) = -j**3 + 10*j**2 - 59*j + 219. What is a(6)?
9
Let u(o) = 54*o + 2845. Determine u(-51).
91
Let g(j) = j**2 - 68*j + 833. What is g(52)?
1
Let l(f) = 19*f**2 + 36*f - 34. Calculate l(1).
21
Let n(u) = -15*u**2 - 93*u - 76. Determine n(-6).
-58
Let p(c) = -4*c**3 - 4*c**2 + 6*c + 4. Give p(-3).
58
Let i(g) = -77*g - 2503. Determine i(-33).
38
Let u(x) = x**3 + 11*x**2 - 8*x + 46. Give u(-12).
-2
Let t(j) = 134*j - 405. Calculate t(3).
-3
Let j(f) = -22*f**2 - 131*f + 681. Calculate j(6).
-897
Let w(y) = y**2 - 41*y + 103. Calculate w(5).
-77
Let s(n) = n**2 + 124*n + 712. What is s(-6)?
4
Let l(s) = -10*s**2 - 484*s + 5. Give l(0).
5
Let f(y) = 2*y**2 + 41*y + 70. Calculate f(-18).
-20
Let g(q) = -q**3 + 28*q**2 + 24*q + 12. What is g(29)?
-133
Let d(s) = 5*s + 25. What is d(-6)?
-5
Let x(t) = 344*t - 3785. Calculate x(11).
-1
Let k(h) = 2*h**2 + 41*h - 232. Give k(5).
23
Let x(r) = 290*r - 577. Give x(2).
3
Let o(z) = -49*z - 28. What is o(1)?
-77
Let b(n) = -n**3 - 6*n**2 - n + 8. Calculate b(-6).
14
Let d(u) = -29*u + 244. Give d(9).
-17
Let u(x) = 8*x**2 + 43*x - 30. Calculate u(-6).
0
Let h(a) = a - 74. Give h(57).
-17
Let w(h) = -16*h**2 - 362*h - 837. Give w(-20).
3
Let s(d) = d**2 + 53*d + 475. Calculate s(-11).
13
Let w(z) = -5*z**2 - 19*z - 20. Calculate w(-4).
-24
Let w(k) = 111*k - 1594. What is w(13)?
-151
Let a(v) = -4*v**3 + 24*v**2 + 11*v + 23. Determine a(8).
-401
Let s(u) = u**3 + 55*u**2 - 216*u - 8954. Calculate s(-56).
6
Let q(t) = 45*t + 2226. Give q(-49).
21
Let r(c) = -46*c - 202. Calculate r(-5).
28
Let x(t) = -2*t**2 - 41*t + 23. Determine x(-21).
2
Let h(u) = 11*u - 532. What is h(39)?
-103
Let w(g) = -g**2 + 33*g + 273. Give w(39).
39
Let h(f) = f**3 - 53*f**2 - 51*f - 191. Calculate h(54).
-29
Let u(d) = 86*d + 1893. Calculate u(-22).
1
Let f(l) = -37*l - 1095. Determine f(-30).
15
Let f(i) = -i**3 - 15*i**2 - 33*i - 17. What is f(-13)?
74
Let y(r) = -22*r**3 + 441*r**2 - 20*r + 2. What is y(20)?
2
Let n(l) = -1181*l + 14165. Calculate n(12).
-7
Let q(m) = -102*m**2 + 397*m + 19. Calculate q(4).
-25
Let o(a) = -3*a**2 - 249*a - 458. Calculate o(-82).
-212
Let n(f) = -120*f + 128. Determine n(3).
-232
Let x(k) = -2*k**3 - 78*k**2 - 447*k + 25. Give x(-32).
-7
Let k(n) = -n**2 + 164*n - 6674. Calculate k(81).
49
Let t(s) = s**2 - 44*s + 278. What is t(19)?
-197
Let f(p) = -p**2 + 19*p + 407. What is f(32)?
-9
Let b(u) = -9*u**3 - 3*u**2 + 4*u + 18. Determine b(-2).
70
Let f(l) = -17*l**2 - 84*l - 652. Determine f(-7).
-897
Let r(p) = p**2 - 369*p - 29. Calculate r(0).
-29
Let l(z) = 2*z + 166. Calculate l(-40).
86
Let p(s) = -430*s - 48159. What is p(-112)?
1
Let g(w) = -5526*w + 27628. Calculate g(5).
-2
Let x(s) = -90*s**2 - 592*s + 592. Give x(1).
-90
Let v(y) = 62*y + 603. What is v(-7)?
169
Let x(u) = -u**3 - 90*u**2 - 399*u + 1279. What is x(-7)?
5
Let h(n) = 115*n - 288. What is h(3)?
57
Let s(k) = -2*k - 15. Calculate s(0).
-15
Let l(s) = -s**2 + 10*s + 463. What is l(-18)?
-41
Let n(y) = -50*y + 1